y 97?
0
What is the remainder when 71127 is divided by 342?
333
Calculate the remainder when 266741 is divided by 1375.
1366
Calculate the remainder when 2616 is divided by 313.
112
Calculate the remainder when 5120 is divided by 25.
20
What is the remainder when 2422 is divided by 56?
14
Calculate the remainder when 3111 is divided by 58.
37
What is the remainder when 384478 is divided by 3627?
16
What is the remainder when 6860 is divided by 1058?
512
What is the remainder when 930 is divided by 886?
44
Calculate the remainder when 602 is divided by 436.
166
Calculate the remainder when 2527 is divided by 88.
63
Calculate the remainder when 19995 is divided by 309.
219
What is the remainder when 14944 is divided by 94?
92
What is the remainder when 1815616 is divided by 311?
309
Calculate the remainder when 5590 is divided by 234.
208
Calculate the remainder when 4283 is divided by 597.
104
Calculate the remainder when 38277 is divided by 1234.
23
Calculate the remainder when 2596 is divided by 114.
88
Calculate the remainder when 3678 is divided by 47.
12
What is the remainder when 16522 is divided by 459?
457
What is the remainder when 12407 is divided by 230?
217
Calculate the remainder when 15898 is divided by 15884.
14
What is the remainder when 43889 is divided by 7?
6
What is the remainder when 1843 is divided by 265?
253
What is the remainder when 258960 is divided by 1251?
3
Calculate the remainder when 106623 is divided by 544.
543
Calculate the remainder when 6916 is divided by 117.
13
What is the remainder when 950 is divided by 28?
26
What is the remainder when 103034 is divided by 209?
206
What is the remainder when 23324 is divided by 377?
327
What is the remainder when 4650 is divided by 423?
420
What is the remainder when 469291 is divided by 642?
631
What is the remainder when 70055 is divided by 20?
15
Calculate the remainder when 2454 is divided by 1199.
56
What is the remainder when 87806 is divided by 190?
26
What is the remainder when 123834 is divided by 172?
166
Calculate the remainder when 241342 is divided by 30166.
14
What is the remainder when 5179 is divided by 108?
103
What is the remainder when 884723 is divided by 44?
15
Calculate the remainder when 35332 is divided by 63.
52
Calculate the remainder when 2813 is divided by 254.
19
Calculate the remainder when 1088 is divided by 772.
316
Calculate the remainder when 111578 is divided by 922.
16
What is the remainder when 56347 is divided by 18?
7
What is the remainder when 23476 is divided by 391?
16
Calculate the remainder when 71401 is divided by 2956.
457
Calculate the remainder when 6574 is divided by 20.
14
What is the remainder when 755634 is divided by 45?
39
What is the remainder when 7457 is divided by 2466?
59
Calculate the remainder when 1140739 is divided by 1914.
1909
What is the remainder when 4765 is divided by 370?
325
What is the remainder when 13304 is divided by 3317?
36
What is the remainder when 7588 is divided by 840?
28
Calculate the remainder when 601 is divided by 87.
79
What is the remainder when 98711 is divided by 25?
11
What is the remainder when 2692 is divided by 11?
8
Calculate the remainder when 18998 is divided by 2684.
210
What is the remainder when 50771 is divided by 634?
51
What is the remainder when 817 is divided by 399?
19
Calculate the remainder when 709861 is divided by 13.
9
What is the remainder when 4787 is divided by 651?
230
What is the remainder when 1062885 is divided by 25?
10
What is the remainder when 2087 is divided by 688?
23
Calculate the remainder when 136819 is divided by 609.
403
Calculate the remainder when 5692 is divided by 445.
352
Calculate the remainder when 36156 is divided by 383.
154
Calculate the remainder when 793120 is divided by 158620.
20
Calculate the remainder when 260 is divided by 126.
8
What is the remainder when 130136 is divided by 10009?
19
What is the remainder when 367494 is divided by 25?
19
Calculate the remainder when 3825 is divided by 1098.
531
What is the remainder when 2761 is divided by 605?
341
Calculate the remainder when 947 is divided by 41.
4
What is the remainder when 8226 is divided by 1369?
12
Calculate the remainder when 47369 is divided by 3947.
5
Calculate the remainder when 100369 is divided by 23.
20
Calculate the remainder when 3482692 is divided by 28.
24
What is the remainder when 28427 is divided by 12?
11
What is the remainder when 5426 is divided by 555?
431
What is the remainder when 53759 is divided by 168?
167
What is the remainder when 232712 is divided by 324?
80
What is the remainder when 431560 is divided by 148?
140
Calculate the remainder when 31232 is divided by 3123.
2
Calculate the remainder when 6129 is divided by 1968.
225
Calculate the remainder when 7136 is divided by 1752.
128
What is the remainder when 410909 is divided by 205450?
9
What is the remainder when 350 is divided by 143?
64
What is the remainder when 4703 is divided by 266?
181
What is the remainder when 1697 is divided by 331?
42
Calculate the remainder when 27161 is divided by 1595.
46
Calculate the remainder when 63302 is divided by 1919.
1894
Calculate the remainder when 50386 is divided by 43.
33
Calculate the remainder when 11682 is divided by 5841.
0
What is the remainder when 70811 is divided by 9?
8
Calculate the remainder when 4975 is divided by 90.
25
Calculate the remainder when 8606 is divided by 14.
10
Calculate the remainder when 11644 is divided by 353.
348
What is the remainder when 199494 is divided by 73?
58
Calculate the remainder when 56222 is divided by 721.
705
What is the remainder when 2084 is divided by 869?
346
Calculate the remainder when 1839 is divided by 313.
274
What is the remainder when 2285 is divided by 145?
110
What is the remainder when 4053 is divided by 5?
3
What is the remainder when 179938 is divided by 29?
22
Calculate the remainder when 4946 is divided by 2195.
556
What is the remainder when 44516 is divided by 44499?
17
What is the remainder when 40662 is divided by 428?
2
Calculate the remainder when 1080 is divided by 527.
26
Calculate the remainder when 22636 is divided by 3232.
12
Calculate the remainder when 1471 is divided by 385.
316
Calculate the remainder when 46346 is divided by 103.
99
Calculate the remainder when 11309 is divided by 2820.
29
What is the remainder when 1196 is divided by 399?
398
Calculate the remainder when 45816 is divided by 58.
54
What is the remainder when 13420 is divided by 498?
472
Calculate the remainder when 60751 is divided by 21.
19
What is the remainder when 23569 is divided by 83?
80
Calculate the remainder when 18825 is divided by 222.
177
What is the remainder when 61610 is divided by 14?
10
Calculate the remainder when 22507 is divided by 22490.
17
What is the remainder when 18507 is divided by 83?
81
Calculate the remainder when 102905 is divided by 402.
395
What is the remainder when 13818 is divided by 153?
48
What is the remainder when 4741 is divided by 4734?
7
Calculate the remainder when 15880 is divided by 2643.
22
Calculate the remainder when 5273 is divided by 647.
97
Calculate the remainder when 13618 is divided by 1322.
398
What is the remainder when 2777 is divided by 104?
73
Calculate the remainder when 22264 is divided by 3179.
11
What is the remainder when 6059 is divided by 3022?
15
Calculate the remainder when 22811 is divided by 7.
5
Calculate the remainder when 70558 is divided by 70513.
45
What is the remainder when 6619 is divided by 1057?
277
Calculate the remainder when 340 is divided by 50.
40
Calculate the remainder when 47349 is divided by 5917.
13
What is the remainder when 66752 is divided by 312?
296
Calculate the remainder when 429912 is divided by 19.
18
What is the remainder when 31408 is divided by 353?
344
What is the remainder when 2399 is divided by 275?
199
Calculate the remainder when 27339 is divided by 3876.
207
Calculate the remainder when 7960 is divided by 1286.
244
What is the remainder when 7833 is divided by 7476?
357
Calculate the remainder when 24680 is divided by 19.
18
What is the remainder when 236303 is divided by 216?
215
What is the remainder when 90771 is divided by 6982?
5
Calculate the remainder when 60539 is divided by 156